e -11152 = -66*u + 2518 + 652. Suppose 2*i = 14 - 2. Let s be 190/i + (-4)/6. What is the highest common factor of u and s?
31
Let y = -1346 + 1703. Calculate the highest common divisor of y and 105.
21
Suppose 4*f - 2085 = -a, 34*f - 2*a + 2090 = 38*f. Calculate the greatest common factor of f and 80.
40
Suppose i + i - 28 = 0. Suppose 14*w - 7*w = 308. Suppose -18*r = -i*r - w. What is the highest common divisor of r and 1?
1
Let m = 42 + -42. Let x(g) = -7*g + 6. Let i be x(m). Let p be 3/2 - (625/(-10) - i). Calculate the greatest common divisor of 175 and p.
35
Suppose 41*f = 1034 + 2410. What is the greatest common divisor of f and 3612?
84
Suppose 63966 = 164*y + 4970 + 2908. Let l be (-564)/(-15) + 2/5. What is the greatest common factor of l and y?
38
Suppose 22*o - 4*f = 21*o + 4229, -4*f = o - 4197. Calculate the greatest common divisor of o and 11.
11
Let f = 0 + -6. Let c be (48/(-10))/((-9)/((-675)/f)). What is the greatest common divisor of 100 and c?
20
Let p = 106 + -103. Suppose 0 = h - 2*h - 4*n - 19, n = -p*h - 2. Calculate the highest common factor of 8 and h.
1
Let j = 19535 - 19239. Calculate the greatest common divisor of j and 740.
148
Suppose 2*c + 2*j = 66, -4*c - j + 135 = 4*j. Let l be (-14146)/(-77) + 2/7. Let f = l + -172. Calculate the greatest common divisor of f and c.
6
Let z be 345/1035 + 53276/3. What is the greatest common factor of 301 and z?
301
Let q = -303 + 75. Let a be 3/((-3)/q*6). Let l(w) = 1676*w + 5446. Let i be l(-3). What is the highest common divisor of a and i?
38
Suppose 227*z = 5*h + 226*z - 130, 0 = -4*z + 20. Calculate the greatest common factor of 117 and h.
9
Suppose -5*u + 114 = 449. Let h = u + 71. Let b be ((-2)/6)/((-17)/612). Calculate the greatest common factor of b and h.
4
Let l(w) = 152*w + 2. Let s be l(1). Suppose -448 = 229*r - 261*r. What is the greatest common factor of s and r?
14
Let c = 498 + -495. Suppose 3*b - 57 = -c*h, -5*b + 23 = 2*h - 27. Let a = -13 - -48. Calculate the greatest common factor of h and a.
5
Suppose -6*p - 3 = 3. Let o(j) = -164*j - 4. Let c be o(p). Suppose h + 7*h - c = 0. Calculate the highest common divisor of 160 and h.
20
Suppose 5*n - 10 = 0, -5*u - 4*n + 1681 = 243. Calculate the highest common factor of u and 1001.
143
Suppose -3*l - 3 = -18, 4*j - 2*l - 106 = 0. Suppose j = 3*w + c - 19, 5*w - 97 = 4*c. What is the highest common divisor of 425 and w?
17
Suppose f - 14*c + 17*c = -4, 3*c = f - 2. Let t be -3 + 3 + (15 - (f + 0)). Calculate the highest common divisor of 16 and t.
16
Suppose 35 = z - 4. Let p(q) = q**2 - 10*q + 16. Let j be p(15). What is the greatest common divisor of j and z?
13
Suppose -6*r - 164*r - 2*r = -525804. Calculate the highest common divisor of 3 and r.
3
Let u be (4/2)/(((-63)/9)/(-7)). Let w be 110/(u/(8/4)). What is the greatest common divisor of w and 20?
10
Let l = 1074 - 490. Suppose -21*s + 3860 = l. Calculate the highest common divisor of s and 104.
52
Let z = 1747 - 467. Calculate the greatest common factor of 2 and z.
2
Let y be (-44)/10 - 33/55. Let v = -117 - y. Let n = v - -131. Calculate the greatest common divisor of n and 19.
19
Suppose 0 = 2*u - 3*u + 4. Let c(p) = 47*p**2 - 136*p + 1. Let t be c(3). Calculate the highest common divisor of t and u.
4
Suppose 4*r + 5*v = 277, -5*r + 3*v + 305 = v. Let p be (-3)/(10/(-12)*(-6)/(-45)). What is the greatest common divisor of r and p?
9
Let b(u) = 7577*u - 397. Let d be b(3). Calculate the highest common factor of 13 and d.
13
Suppose 2*r = 4*i + 3*r - 355, 0 = -5*r + 15. Let y = 465672 + -465668. Calculate the greatest common divisor of i and y.
4
Suppose -81 - 227 = -14*o. Let h = -544 - -929. Calculate the greatest common factor of o and h.
11
Let h be -2*3*35/(-30). Let o(m) = 6*m**2 + 14*m + 4 - 10*m**2 + h*m**2. Let i be o(8). What is the highest common factor of 28 and i?
28
Suppose 4*x - x - 33 = 0. Let r(w) = 31*w**2 + 3*w + 5. Let q be r(-3). Calculate the greatest common factor of x and q.
11
Let c = -442 + 446. Suppose -x - 3*w = -37, -x = c*x - 5*w - 165. Calculate the highest common divisor of x and 85.
17
Let k be 25/((-1350)/(-12)) + 608/18. Suppose -60 = 2*a - 16. Let s = a + k. What is the highest common factor of s and 60?
12
Suppose 14*r - 17*r + 42 = 0. Let s be (-4810)/(-8) + (-3)/(-4). Calculate the highest common divisor of r and s.
14
Let l(b) = 3*b - 1. Let k be l(13). Suppose 0 = -3*n + n - k. Let h = n + 43. What is the highest common factor of 24 and h?
24
Let b be 86/30 - 312/(-2340). Calculate the greatest common divisor of b and 243.
3
Suppose 5*z + 2*h - 7 = 0, -12*z - 5*h = -10*z - 7. Let b(i) = 9*i**3 + 2*i**2 + 4*i - 5. Let f be b(z). Calculate the highest common divisor of f and 15.
5
Suppose -22 = -3*w - 7. Suppose 0 = -2*s + 8*i - w*i + 246, 5*s + 4*i - 569 = 0. Calculate the highest common factor of 27 and s.
9
Let m = -127 - -134. Suppose -m*a + 17*a - 350 = 0. What is the highest common factor of a and 21?
7
Let i = 194 + -83. Suppose 0 = -5*t + 12*j - 9*j + 24, -3*t + 12 = -j. Calculate the highest common factor of i and t.
3
Let l(s) = 3*s**2 + 72*s + 47. Let u be l(24). Calculate the highest common divisor of u and 113.
113
Let u = 10191 + -10183. Let o(b) = -b**2 + 14*b - 13. Let f be o(9). Calculate the highest common divisor of u and f.
8
Suppose -12*r = -14*r, 2*y + 2*r - 40 = 0. Calculate the greatest common divisor of 6 and y.
2
Let z be 5*((-316)/35 - -9) + 565/35. What is the greatest common divisor of 151 and z?
1
Let h = -214 + 228. Let u(d) = -d**2 + 34*d - 16. Let s be u(h). Calculate the greatest common factor of 33 and s.
33
Suppose -2*f = f - 48. Let y(g) = 55*g + 535. Let o be y(-9). Calculate the highest common factor of o and f.
8
Let z = -4824 - -6273. What is the greatest common divisor of 189 and z?
63
Let v be (-912)/76 + 1 + 32. Calculate the highest common factor of 2709 and v.
21
Suppose -17786 = -76*f - 230. Calculate the highest common divisor of f and 770.
77
Suppose 5*v + 69 = 20*a - 17*a, a - 5*v = 13. Calculate the highest common factor of 182 and a.
14
Let c be -2*(4*28/(-8) + 2). Let g(h) = -2*h - 4. Let x be g(-3). Let j be 1/x + 1195/10. Calculate the highest common divisor of c and j.
24
Suppose -26*i = -491369 + 21471. Calculate the highest common factor of 53 and i.
53
Let n be 21/15 + (-12)/30. Let w be n/(3/486)*(4 + -3). Let c be (-36)/w + (-2596)/(-18). Calculate the greatest common divisor of c and 18.
18
Let u be (-16)/144 + 68853/27 + 0. Calculate the greatest common divisor of u and 25.
25
Suppose 3 = 206*u - 208*u + 7. Let k be -1 - (2 + (0 - 0)). Let z be 2/6 - 41/k. What is the greatest common factor of u and z?
2
Let r be ((-186)/(-14))/3 - 93/217. Let y be (1 - (-8)/r) + 177. Calculate the greatest common divisor of y and 12.
12
Suppose 4 = a - 13. Let h(g) = 20*g**3 - g**2 - 19 - 19*g**3 - 18*g + 3*g - 15*g**2. Let b be h(a). What is the highest common divisor of b and 10?
5
Let v be ((-10)/6)/(22/(-66)). Let f be (20/(-8))/(1*v/(-560)). What is the highest common factor of 70 and f?
70
Let j(w) = 2*w**2 + 10. Let i be j(7). Suppose 11*m + i = -310. Let l = m + 48. What is the greatest common factor of 20 and l?
10
Suppose 210126 = -32*t + 113*t - 125943. Calculate the greatest common factor of 9 and t.
9
Suppose -4*y + 5*y - 32 = 4*f, -51 = 5*f - 4*y. Let m = 27 + f. Suppose 9*v - 1406 = 574. What is the greatest common factor of v and m?
20
Let x be 1/(-1 - 1)*-164. Let i be (24641/10818)/((-2)/(-36)). Calculate the highest common divisor of i and x.
41
Suppose -40 = -10*y + 2*y. Suppose i + 2*k = -k + 11, 0 = -i - 5*k + y. Let t be (-8)/i - 1/((-10)/604). Calculate the highest common divisor of 12 and t.
12
Suppose 152*b + 154791 = 206*b - 79137. What is the highest common divisor of 48 and b?
12
Let c(v) = -108*v - 13149. Let f be c(-124). Calculate the highest common divisor of f and 324.
81
Suppose 5*j = 2*n - 167 - 9, 3*j = 5*n - 440. Let p be -5*(-10)/25*(3 - -2). Let w be 10 + 1 - (3 - p - -7). Calculate the greatest common divisor of w and n.
11
Let q = 929 + 39. Calculate the greatest common factor of 88 and q.
88
Let j be 3 - (4 - 5)/(-1). Let y be (j + -2)*2/(-4). Suppose 4*w + 2*b - 174 = y, 289 = 4*w - 5*b + 94. Calculate the greates